e 4, what is 1222 - -311?
2133
In base 15, what is -62 - 97?
-109
In base 3, what is 2 - 220102020?
-220102011
In base 10, what is -69 + -49112?
-49181
In base 5, what is 3 + 131332120?
131332123
In base 2, what is 100110100000111 - 10?
100110100000101
In base 4, what is 20022 + 110302?
130330
In base 15, what is 7 + -35d5c?
-35d55
In base 5, what is 22 - -22312023?
22312100
In base 4, what is -1 - -20313103?
20313102
In base 12, what is -1 - -2b4a?
2b49
In base 2, what is 101111110111 - 100110111?
101011000000
In base 4, what is 30 + -3233112?
-3233022
In base 3, what is 0 + -101022?
-101022
In base 11, what is -10a35 + 8?
-10a28
In base 7, what is -2 - 5440650?
-5440652
In base 4, what is -2033223 - -3220?
-2030003
In base 3, what is -202112 + 21100?
-111012
In base 3, what is -2001 - -11101121121?
11101112120
In base 16, what is -4 + -1038?
-103c
In base 11, what is 17771 - 32?
1773a
In base 3, what is -1 + 120011120?
120011112
In base 4, what is -13121230 + 10?
-13121220
In base 7, what is 3161015 + -5?
3161010
In base 2, what is -1111011010111 + 100?
-1111011010011
In base 9, what is 41 - 154?
-113
In base 3, what is 1021022 + -10202?
1010120
In base 13, what is 8b + -2326?
-2268
In base 14, what is -64 + 155?
d1
In base 15, what is 83a - 6d?
7bc
In base 3, what is 110220 - -2110?
120100
In base 7, what is -255565 - -3?
-255562
In base 13, what is 6501 - 200?
6301
In base 10, what is 5775 - 1?
5774
In base 13, what is 1aa - -1c2?
39c
In base 9, what is 273263 - -5?
273268
In base 11, what is 2153 - 156?
1aa8
In base 16, what is -107a00 - 0?
-107a00
In base 8, what is -1 + 21210?
21207
In base 10, what is -37 + -132?
-169
In base 5, what is -3 - -201333121?
201333113
In base 13, what is 1 - 1077?
-1076
In base 14, what is 8 - -5631c?
56326
In base 16, what is -7 + 40a3?
409c
In base 7, what is 153 + -520?
-334
In base 4, what is -3123003311 - -3?
-3123003302
In base 4, what is -20 + -101223330?
-101230010
In base 2, what is 100110001000110 + 111?
100110001001101
In base 10, what is -6726 + 10?
-6716
In base 10, what is -224 + 38?
-186
In base 11, what is 4441 + 3?
4444
In base 5, what is 3310331 - 0?
3310331
In base 13, what is 60c80 + 21?
60ca1
In base 11, what is 1992 - -3?
1995
In base 11, what is -1588 - 764?
-2241
In base 2, what is 10101110 + 110100000011?
110110110001
In base 5, what is 123 + 3103?
3231
In base 13, what is -2 - -37375?
37373
In base 7, what is 4646 + -1621?
3025
In base 14, what is -2 + a6d?
a6b
In base 3, what is 2 - -2100110222001?
2100110222010
In base 6, what is -14 + 325510?
325452
In base 2, what is -1111100 - -110101110110?
110011111010
In base 9, what is 12740 - -14?
12754
In base 4, what is 30103 - 1133?
22310
In base 6, what is 122 + -1250?
-1124
In base 14, what is -4 + 10d3c?
10d38
In base 3, what is -12210212 + 22?
-12210120
In base 6, what is -3424055 + 1?
-3424054
In base 4, what is -11 + -113232231?
-113232302
In base 5, what is -14 - -20033431?
20033412
In base 13, what is -24 - -b81?
b5a
In base 14, what is 4 + -2005b9?
-2005b5
In base 10, what is 5340 - -51?
5391
In base 7, what is -115102 - 4?
-115106
In base 11, what is 27 - 13332a?
-133303
In base 7, what is -112360 + 4?
-112353
In base 8, what is 11362 + -570?
10572
In base 14, what is -65 + 3586?
3521
In base 10, what is -3 + -10824?
-10827
In base 9, what is -3217 - 1?
-3218
In base 4, what is 331003 + 2?
331011
In base 4, what is -2223 + 21102202?
21033313
In base 15, what is 580 - -117?
697
In base 5, what is 10034 - 143?
4341
In base 2, what is 0 - -110000110000111?
110000110000111
In base 11, what is -140 - 223a?
-237a
In base 11, what is a + 65917?
65926
In base 8, what is -1 + -367355?
-367356
In base 2, what is 101 - -10100100001100011?
10100100001101000
In base 15, what is -9ae4 + -5?
-9ae9
In base 10, what is -6309229 - 3?
-6309232
In base 15, what is -1149 + -a0?
-11e9
In base 5, what is 1104042 + -1304?
1102233
In base 9, what is -3 - 13368?
-13372
In base 3, what is 1000 + -2010122?
-2002122
In base 12, what is -242 + 18?
-226
In base 13, what is 15488 + -6?
15482
In base 9, what is -507 + -10774?
-11382
In base 4, what is 301 - -1031231?
1032132
In base 9, what is 158 - 1336?
-1167
In base 10, what is 19683 + -1?
19682
In base 3, what is -12222020 - -1021?
-12220222
In base 8, what is -4 + -64?
-70
In base 8, what is 570 - -4645?
5435
In base 16, what is -1aca + -10a?
-1bd4
In base 16, what is -21 + 7bb?
79a
In base 10, what is 4 + 777073?
777077
In base 8, what is -12 + -6102?
-6114
In base 10, what is 3690 - -3?
3693
In base 2, what is 100100 - -101110011101?
101111000001
In base 3, what is -2100210 - 22010?
-2122220
In base 5, what is 4202224 - -3?
4202232
In base 15, what is -360 + -12b?
-48b
In base 10, what is -1526 + -23?
-1549
In base 5, what is -1203 - 323143?
-324401
In base 3, what is 1 - 2221021012?
-2221021011
In base 16, what is -1 - -6356?
6355
In base 8, what is -3 - 1066102?
-1066105
In base 3, what is 2 + 12010001?
12010010
In base 4, what is -3 + 133311302?
133311233
In base 8, what is 261256 - 0?
261256
In base 3, what is 21110211 - 22?
21110112
In base 15, what is -3968 - 4?
-396c
In base 11, what is -30a + -16?
-325
In base 6, what is -3445425 + 14?
-3445411
In base 12, what is 0 + 4a3337?
4a3337
In base 2, what is 111 + 1000101110110111?
1000101110111110
In base 11, what is -189 + 43?
-146
In base 15, what is 5 + 1bd3?
1bd8
In base 8, what is -117 - -1022?
703
In base 8, what is 4067 + -7?
4060
In base 3, what is -121010210 - 22?
-121011002
In base 11, what is -2 - -26629?
26627
In base 15, what is -45 - -e90?
e4a
In base 16, what is 4 - ad52?
-ad4e
In base 5, what is 1244004 - 1?
1244003
In base 12, what is 0 + -5525aa?
-5525aa
In base 9, what is 227 - -28865?
30203
In base 12, what is 26 - 50b8?
-5092
In base 7, what is 45 - 6434?
-6356
In base 12, what is -103 + 8?
-b7
In base 15, what is -5ba + -3?
-5bd
In base 15, what is -13 + 568?
555
In base 4, what is 33131 - -2?
33133
In base 7, what is -1223 + 141?
-1052
In base 15, what is -34 - -154b?
1517
In base 8, what is 42 + 433335?
433377
In base 2, what is -11010010111001001 + -100?
-11010010111001101
In base 6, what is 4411 - 115?
4252
In base 12, what is -7bba - -2?
-7bb8
In base 12, what is -1 - -10718?
10717
In base 9, what is -313543 + 0?
-313543
In base 8, what is -4 + -16057?
-16063
In base 3, what is -11 - -1001111111?
1001111100
In base 2, what is -1101110011011 - -1101?
-1101110001110
In base 10, what is 117342 - -11?
117353
In base 7, what is -23623665 + 3?
-23623662
In base 4, what is 20 - -313012?
313032
In base 11, what is 43 + 435?
478
In base 6, what is 54453 - 10?
54443
In base 10, what is 76192 - -3?
76195
In base 12, what is -11b78a - 6?
-11b794
In base 4, what is -122221 + -2003?
-130230
In base 7, what is -65 - 1010452?
-1010550
In base 15, what is -5b - -a2?
46
In base 12, what is ba7 - -306?
12b1
In base 5, what is -10 - 304234?
-304244
In base 13, what is -14 - -358?
344
In base 13, what is 3 - -28711?
28714
In base 9, what is 205404 + 5?
205410
In base 2, what is 110 + -1010011100000100?
-1010011011111110
In base 15, what is -24d + 52?
-1eb
In base 10, what is -7113 + -477?
-7590
In base 6, what is 15140055 + 3?
15140102
In base 14, what is 41962 - -3?
41965
In base 11, what is -7 - 290a?
-2916
In base 3, what is 202111110 - -1101?
202112211
In base 10, what is -43535 + 9?
-43526
In base 7, what is 2356301 + -2?
2356266
In base 15, what is b + -278c?
-2781
In base 7, what is -23045 - 51?
-23126
In base 8, what is 11012570 + 2?
11012572
In base 8, what is -5 + -202540?
-202545
In base 15, what is 2ec + -a5c?
-760
In base 12, what is -4b + -1723?
-1772
In base 11, what is -137 - -5a4?
468
In base 5, what is -10 - -123201334?
123201324
In base 14, what is c384 + 16?
c39a
In base 13, what is 2a392 + -30?
2a362
In base 12, what is -8602 - 8?
-860a
In base 5, what is 1330011001 + -10?
1330010441
In base 9, what is -2654 - -1817?
-736
In base 2, what is 1100 - 11011101101001000?
-11011101100111100
In base 7, what is -2 + -36664?
-36666
In base 14, what is 3 + 2c77?
2c7a
In base 15, what is 2 - 334?
-332
In base 10, what is 87 - 1387?
-1300
In base 2, what is -11100000001 + 11100001?
-11000100000
In base 12, what is -74 - 35?
-a9
I